{"id":220442,"date":"2020-07-20T14:32:45","date_gmt":"2020-07-20T12:32:45","guid":{"rendered":"https:\/\/camping-les-monts-d-albi.com\/vragen\/"},"modified":"2020-07-20T14:32:47","modified_gmt":"2020-07-20T12:32:47","slug":"vragen","status":"publish","type":"page","link":"https:\/\/camping-les-monts-d-albi.com\/nl\/vragen\/","title":{"rendered":"Vragen"},"content":{"rendered":"<p>[et_pb_section fb_built=&#8221;1&#8243; custom_padding_last_edited=&#8221;on|desktop&#8221; admin_label=&#8221;Header&#8221; _builder_version=&#8221;4.3.2&#8243; background_color=&#8221;#78bd75&#8243; background_image=&#8221;https:\/\/camping-les-monts-d-albi.com\/wp-content\/uploads\/2020\/02\/sight-seeing-49.png&#8221; background_size=&#8221;contain&#8221; background_position=&#8221;bottom_center&#8221; custom_padding=&#8221;||132px|||&#8221; custom_padding_tablet=&#8221;0px||5vw&#8221; custom_padding_phone=&#8221;&#8221; box_shadow_vertical_tablet=&#8221;&#8221; box_shadow_vertical_phone=&#8221;&#8221; box_shadow_vertical_last_edited=&#8221;on|tablet&#8221; locked=&#8221;off&#8221;][et_pb_row _builder_version=&#8221;3.25&#8243; module_alignment=&#8221;center&#8221; locked=&#8221;off&#8221;][et_pb_column type=&#8221;4_4&#8243; _builder_version=&#8221;3.25&#8243; custom_padding=&#8221;|||&#8221; custom_padding__hover=&#8221;|||&#8221;][et_pb_text _builder_version=&#8221;4.3.2&#8243; text_font=&#8221;Lato||||||||&#8221; text_font_size=&#8221;22px&#8221; text_line_height=&#8221;1.8em&#8221; header_font=&#8221;Caveat brush|700|||||||&#8221; header_font_size=&#8221;55px&#8221; header_letter_spacing=&#8221;1px&#8221; header_line_height=&#8221;1.2em&#8221; background_layout=&#8221;dark&#8221; custom_margin=&#8221;||17px|||&#8221; hover_enabled=&#8221;0&#8243; text_font_size_tablet=&#8221;&#8221; text_font_size_phone=&#8221;18px&#8221; text_font_size_last_edited=&#8221;on|phone&#8221; header_font_size_tablet=&#8221;40px&#8221; header_font_size_phone=&#8221;30px&#8221; header_font_size_last_edited=&#8221;on|phone&#8221;]<\/p>\n<h1 class=\"page-title entry-title\">Vragen<\/h1>\n<p>[\/et_pb_text][et_pb_divider color=&#8221;#ffffff&#8221; divider_weight=&#8221;5px&#8221; _builder_version=&#8221;4.3.2&#8243; max_width=&#8221;100px&#8221; hover_enabled=&#8221;0&#8243; locked=&#8221;off&#8221;][\/et_pb_divider][\/et_pb_column][\/et_pb_row][\/et_pb_section][et_pb_section fb_built=&#8221;1&#8243; _builder_version=&#8221;4.3.2&#8243; custom_padding=&#8221;0px|||||&#8221;][et_pb_row _builder_version=&#8221;4.3.2&#8243; column_structure=&#8221;1_5,3_5,1_5&#8243; custom_padding=&#8221;14px|||||&#8221; custom_margin=&#8221;-2%||||false|false&#8221; hover_enabled=&#8221;0&#8243;][et_pb_column _builder_version=&#8221;4.3.2&#8243; type=&#8221;1_5&#8243; hover_enabled=&#8221;0&#8243;][\/et_pb_column][et_pb_column _builder_version=&#8221;4.3.2&#8243; type=&#8221;3_5&#8243;][et_pb_text _builder_version=&#8221;4.3.2&#8243; hover_enabled=&#8221;0&#8243; header_2_font=&#8221;futura medium italic||||||||&#8221; header_2_text_color=&#8221;#78bd75&#8243; header_2_letter_spacing=&#8221;1px&#8221; header_2_font_size=&#8221;18px&#8221; text_font=&#8221;Poppins||||||||&#8221; background_color=&#8221;#f4f4f4&#8243; custom_padding=&#8221;2%|2%|2%|2%|true|true&#8221; header_2_line_height=&#8221;1.6em&#8221; custom_margin=&#8221;-6px|||||&#8221;]<\/p>\n<h2 class=\"p1\"><strong>Les barbecues au charbon sont-ils autoris\u00e9s ?<\/strong><\/h2>\n<p class=\"p1\">Un espace avec des barbecues communs est \u00e0 disposition. Sur les emplacements et les locations ne sont autoris\u00e9s que les barbecues \u00e9lectriques ou \u00e0 gaz.<\/p>\n<h2 class=\"p1\"><strong>Les chiens sont-ils accept\u00e9s ?<\/strong><\/h2>\n<p class=\"p1\">Un maximum de 1 par emplacement ou location et avec un tarif journalier de 2\u20ac\/jour en basse saison et 4 \u20ac\/jour en haute saison. Les chiens de cat\u00e9gorie 1 et 2 ne sont pas accept\u00e9s.<\/p>\n<h2 class=\"p1\"><span class=\"Apple-tab-span\"><\/span><strong>Acceptez-vous les ch\u00e8ques vacances ANCV ?<\/strong><\/h2>\n<p class=\"p1\">Oui, pour les r\u00e8glements \u00e0 l\u2019avance \u00e0 envoyer en recommand\u00e9 avec AR (Accus\u00e9 de R\u00e9ception).<\/p>\n<h2 class=\"p1\"><strong>Les disponibilit\u00e9s sont-elles \u00e0 jour ?<\/strong><\/h2>\n<p class=\"p1\">La r\u00e9servation en ligne est en lien permanent avec notre logiciel de gestion de r\u00e9servation camping et a donc les disponibilit\u00e9s en temps r\u00e9el.<\/p>\n<h2 class=\"p1\"><strong>Si je r\u00e9serve en ligne, je dois payer par carte bancaire ?<\/strong><\/h2>\n<p class=\"p1\">En r\u00e9servant en ligne le syst\u00e8me vous permet de choisir le mode de paiement que vous pr\u00e9f\u00e9rez : CB, ch\u00e8que, ch\u00e8ques vacances ANCV ou virement.<\/p>\n<h2 class=\"p1\"><strong>Quelles sont les dates d\u2019ouverture ?<\/strong><\/h2>\n<p class=\"p1\">En emplacements camping : du 04\/04 au 30\/09<\/p>\n<p class=\"p2\">En locations : du 04\/04 au 02\/11<\/p>\n<h2 class=\"p1\"><strong>Y-a-t-il les draps et les serviettes dans les locations ?<\/strong><\/h2>\n<p class=\"p1\">Dans les locations les oreillers et couverture sont \u00e0 disposition. Les draps en tissus sont en location pour 8\u20ac\/lit mais il n\u2019est pas possible de louer des serviettes de toilettes.<\/p>\n<h2 class=\"p1\"><strong>La salle de jeux est-elle ouverte pendant toute la p\u00e9riode d\u2019ouverture ?<\/strong><\/h2>\n<p class=\"p1\">Oui la salle de jeux est ouverte pendant toute la p\u00e9riode d\u2019ouverture.<\/p>\n<h2 class=\"p1\"><strong>Les activit\u00e9s sont-elles propos\u00e9es \u00e0 chaque p\u00e9riode de vacances ?<\/strong><\/h2>\n<p class=\"p1\">Les activit\u00e9s ont lieu en haute saison du 05\/07 au 22\/08.<\/p>\n<h2 class=\"p1\"><strong>Le short de bain est-il autoris\u00e9 \u00e0 la piscine ?<\/strong><\/h2>\n<p class=\"p1\">Le short de bain est tol\u00e9r\u00e9 \u00e0 la piscine.<\/p>\n<p>[\/et_pb_text][\/et_pb_column][et_pb_column _builder_version=&#8221;4.3.2&#8243; type=&#8221;1_5&#8243;][\/et_pb_column][\/et_pb_row][\/et_pb_section]<\/p>\n","protected":false},"excerpt":{"rendered":"<p>Vragen Les barbecues au charbon sont-ils autoris\u00e9s ? Un espace avec des barbecues communs est \u00e0 disposition. Sur les emplacements et les locations ne sont autoris\u00e9s que les barbecues \u00e9lectriques ou \u00e0 gaz. Les chiens sont-ils accept\u00e9s ? Un maximum de 1 par emplacement ou location et avec un tarif journalier de 2\u20ac\/jour en basse [&hellip;]<\/p>\n","protected":false},"author":1,"featured_media":0,"parent":0,"menu_order":0,"comment_status":"closed","ping_status":"closed","template":"","meta":{"_et_pb_use_builder":"on","_et_pb_old_content":"","_et_gb_content_width":"","inline_featured_image":false,"footnotes":""},"class_list":["post-220442","page","type-page","status-publish","hentry"],"yoast_head":"<!-- This site is optimized with the Yoast SEO plugin v27.5 - https:\/\/yoast.com\/product\/yoast-seo-wordpress\/ -->\n<title>Camping 4 \u00e9toiles Les Monts d&#039;Albi - Tarn - FAQ Foire aux questions<\/title>\n<meta name=\"description\" content=\"Une question sur la piscine, les h\u00e9bergements, les horaires ou encore les activit\u00e9s ? Jetez un \u0153il \u00e0 la FAQ du Camping**** Les Monts d&#039;Albi.\" \/>\n<meta name=\"robots\" content=\"index, follow, max-snippet:-1, max-image-preview:large, max-video-preview:-1\" \/>\n<link rel=\"canonical\" href=\"https:\/\/camping-les-monts-d-albi.com\/nl\/vragen\/\" \/>\n<meta property=\"og:locale\" content=\"nl_NL\" \/>\n<meta property=\"og:type\" content=\"article\" \/>\n<meta property=\"og:title\" content=\"Camping 4 \u00e9toiles Les Monts d&#039;Albi - Tarn - FAQ Foire aux questions\" \/>\n<meta property=\"og:description\" content=\"Une question sur la piscine, les h\u00e9bergements, les horaires ou encore les activit\u00e9s ? Jetez un \u0153il \u00e0 la FAQ du Camping**** Les Monts d&#039;Albi.\" \/>\n<meta property=\"og:url\" content=\"https:\/\/camping-les-monts-d-albi.com\/nl\/vragen\/\" \/>\n<meta property=\"og:site_name\" content=\"Camping les Monts d&#039;Albi\" \/>\n<meta property=\"article:modified_time\" content=\"2020-07-20T12:32:47+00:00\" \/>\n<meta name=\"twitter:card\" content=\"summary_large_image\" \/>\n<meta name=\"twitter:label1\" content=\"Geschatte leestijd\" \/>\n\t<meta name=\"twitter:data1\" content=\"3 minuten\" \/>\n<script type=\"application\/ld+json\" class=\"yoast-schema-graph\">{\"@context\":\"https:\\\/\\\/schema.org\",\"@graph\":[{\"@type\":\"WebPage\",\"@id\":\"https:\\\/\\\/camping-les-monts-d-albi.com\\\/nl\\\/vragen\\\/\",\"url\":\"https:\\\/\\\/camping-les-monts-d-albi.com\\\/nl\\\/vragen\\\/\",\"name\":\"Camping 4 \u00e9toiles Les Monts d'Albi - Tarn - FAQ Foire aux questions\",\"isPartOf\":{\"@id\":\"https:\\\/\\\/camping-les-monts-d-albi.com\\\/#website\"},\"datePublished\":\"2020-07-20T12:32:45+00:00\",\"dateModified\":\"2020-07-20T12:32:47+00:00\",\"description\":\"Une question sur la piscine, les h\u00e9bergements, les horaires ou encore les activit\u00e9s ? Jetez un \u0153il \u00e0 la FAQ du Camping**** Les Monts d'Albi.\",\"breadcrumb\":{\"@id\":\"https:\\\/\\\/camping-les-monts-d-albi.com\\\/nl\\\/vragen\\\/#breadcrumb\"},\"inLanguage\":\"nl-NL\",\"potentialAction\":[{\"@type\":\"ReadAction\",\"target\":[\"https:\\\/\\\/camping-les-monts-d-albi.com\\\/nl\\\/vragen\\\/\"]}]},{\"@type\":\"BreadcrumbList\",\"@id\":\"https:\\\/\\\/camping-les-monts-d-albi.com\\\/nl\\\/vragen\\\/#breadcrumb\",\"itemListElement\":[{\"@type\":\"ListItem\",\"position\":1,\"name\":\"Accueil\",\"item\":\"https:\\\/\\\/camping-les-monts-d-albi.com\\\/\"},{\"@type\":\"ListItem\",\"position\":2,\"name\":\"Vragen\"}]},{\"@type\":\"WebSite\",\"@id\":\"https:\\\/\\\/camping-les-monts-d-albi.com\\\/#website\",\"url\":\"https:\\\/\\\/camping-les-monts-d-albi.com\\\/\",\"name\":\"Camping les Monts d&#039;Albi\",\"description\":\"La pause nature en famille\",\"potentialAction\":[{\"@type\":\"SearchAction\",\"target\":{\"@type\":\"EntryPoint\",\"urlTemplate\":\"https:\\\/\\\/camping-les-monts-d-albi.com\\\/?s={search_term_string}\"},\"query-input\":{\"@type\":\"PropertyValueSpecification\",\"valueRequired\":true,\"valueName\":\"search_term_string\"}}],\"inLanguage\":\"nl-NL\"}]}<\/script>\n<!-- \/ Yoast SEO plugin. -->","yoast_head_json":{"title":"Camping 4 \u00e9toiles Les Monts d'Albi - Tarn - FAQ Foire aux questions","description":"Une question sur la piscine, les h\u00e9bergements, les horaires ou encore les activit\u00e9s ? Jetez un \u0153il \u00e0 la FAQ du Camping**** Les Monts d'Albi.","robots":{"index":"index","follow":"follow","max-snippet":"max-snippet:-1","max-image-preview":"max-image-preview:large","max-video-preview":"max-video-preview:-1"},"canonical":"https:\/\/camping-les-monts-d-albi.com\/nl\/vragen\/","og_locale":"nl_NL","og_type":"article","og_title":"Camping 4 \u00e9toiles Les Monts d'Albi - Tarn - FAQ Foire aux questions","og_description":"Une question sur la piscine, les h\u00e9bergements, les horaires ou encore les activit\u00e9s ? Jetez un \u0153il \u00e0 la FAQ du Camping**** Les Monts d'Albi.","og_url":"https:\/\/camping-les-monts-d-albi.com\/nl\/vragen\/","og_site_name":"Camping les Monts d&#039;Albi","article_modified_time":"2020-07-20T12:32:47+00:00","twitter_card":"summary_large_image","twitter_misc":{"Geschatte leestijd":"3 minuten"},"schema":{"@context":"https:\/\/schema.org","@graph":[{"@type":"WebPage","@id":"https:\/\/camping-les-monts-d-albi.com\/nl\/vragen\/","url":"https:\/\/camping-les-monts-d-albi.com\/nl\/vragen\/","name":"Camping 4 \u00e9toiles Les Monts d'Albi - Tarn - FAQ Foire aux questions","isPartOf":{"@id":"https:\/\/camping-les-monts-d-albi.com\/#website"},"datePublished":"2020-07-20T12:32:45+00:00","dateModified":"2020-07-20T12:32:47+00:00","description":"Une question sur la piscine, les h\u00e9bergements, les horaires ou encore les activit\u00e9s ? Jetez un \u0153il \u00e0 la FAQ du Camping**** Les Monts d'Albi.","breadcrumb":{"@id":"https:\/\/camping-les-monts-d-albi.com\/nl\/vragen\/#breadcrumb"},"inLanguage":"nl-NL","potentialAction":[{"@type":"ReadAction","target":["https:\/\/camping-les-monts-d-albi.com\/nl\/vragen\/"]}]},{"@type":"BreadcrumbList","@id":"https:\/\/camping-les-monts-d-albi.com\/nl\/vragen\/#breadcrumb","itemListElement":[{"@type":"ListItem","position":1,"name":"Accueil","item":"https:\/\/camping-les-monts-d-albi.com\/"},{"@type":"ListItem","position":2,"name":"Vragen"}]},{"@type":"WebSite","@id":"https:\/\/camping-les-monts-d-albi.com\/#website","url":"https:\/\/camping-les-monts-d-albi.com\/","name":"Camping les Monts d&#039;Albi","description":"La pause nature en famille","potentialAction":[{"@type":"SearchAction","target":{"@type":"EntryPoint","urlTemplate":"https:\/\/camping-les-monts-d-albi.com\/?s={search_term_string}"},"query-input":{"@type":"PropertyValueSpecification","valueRequired":true,"valueName":"search_term_string"}}],"inLanguage":"nl-NL"}]}},"_links":{"self":[{"href":"https:\/\/camping-les-monts-d-albi.com\/nl\/wp-json\/wp\/v2\/pages\/220442","targetHints":{"allow":["GET"]}}],"collection":[{"href":"https:\/\/camping-les-monts-d-albi.com\/nl\/wp-json\/wp\/v2\/pages"}],"about":[{"href":"https:\/\/camping-les-monts-d-albi.com\/nl\/wp-json\/wp\/v2\/types\/page"}],"author":[{"embeddable":true,"href":"https:\/\/camping-les-monts-d-albi.com\/nl\/wp-json\/wp\/v2\/users\/1"}],"replies":[{"embeddable":true,"href":"https:\/\/camping-les-monts-d-albi.com\/nl\/wp-json\/wp\/v2\/comments?post=220442"}],"version-history":[{"count":0,"href":"https:\/\/camping-les-monts-d-albi.com\/nl\/wp-json\/wp\/v2\/pages\/220442\/revisions"}],"wp:attachment":[{"href":"https:\/\/camping-les-monts-d-albi.com\/nl\/wp-json\/wp\/v2\/media?parent=220442"}],"curies":[{"name":"wp","href":"https:\/\/api.w.org\/{rel}","templated":true}]}}

<p>[et_pb_section fb_built=&#8221;1&#8243; custom_padding_last_edited=&#8221;on|desktop&#8221; admin_label=&#8221;Header&#8221; _builder_version=&#8221;4.3.2&#8243; background_color=&#8221;#78bd75&#8243; background_image=&#8221;https://camping-les-monts-d-albi.com/wp-content/uploads/2020/02/sight-seeing-49.png&#8221; background_size=&#8221;contain&#8221; background_position=&#8221;bottom_center&#8221; custom_padding=&#8221;||132px|||&#8221; custom_padding_tablet=&#8221;0px||5vw&#8221; custom_padding_phone=&#8221;&#8221; box_shadow_vertical_tablet=&#8221;&#8221; box_shadow_vertical_phone=&#8221;&#8221; box_shadow_vertical_last_edited=&#8221;on|tablet&#8221; locked=&#8221;off&#8221;][et_pb_row _builder_version=&#8221;3.25&#8243; module_alignment=&#8221;center&#8221; locked=&#8221;off&#8221;][et_pb_column type=&#8221;4_4&#8243; _builder_version=&#8221;3.25&#8243; custom_padding=&#8221;|||&#8221; custom_padding__hover=&#8221;|||&#8221;][et_pb_text _builder_version=&#8221;4.3.2&#8243; text_font=&#8221;Lato||||||||&#8221; text_font_size=&#8221;22px&#8221; text_line_height=&#8221;1.8em&#8221; header_font=&#8221;Caveat brush|700|||||||&#8221; header_font_size=&#8221;55px&#8221; header_letter_spacing=&#8221;1px&#8221; header_line_height=&#8221;1.2em&#8221; background_layout=&#8221;dark&#8221; custom_margin=&#8221;||17px|||&#8221; hover_enabled=&#8221;0&#8243; text_font_size_tablet=&#8221;&#8221; text_font_size_phone=&#8221;18px&#8221; text_font_size_last_edited=&#8221;on|phone&#8221; header_font_size_tablet=&#8221;40px&#8221; header_font_size_phone=&#8221;30px&#8221; header_font_size_last_edited=&#8221;on|phone&#8221;]</p>
<h1 class="page-title entry-title">Vragen</h1>
<p>[/et_pb_text][et_pb_divider color=&#8221;#ffffff&#8221; divider_weight=&#8221;5px&#8221; _builder_version=&#8221;4.3.2&#8243; max_width=&#8221;100px&#8221; hover_enabled=&#8221;0&#8243; locked=&#8221;off&#8221;][/et_pb_divider][/et_pb_column][/et_pb_row][/et_pb_section][et_pb_section fb_built=&#8221;1&#8243; _builder_version=&#8221;4.3.2&#8243; custom_padding=&#8221;0px|||||&#8221;][et_pb_row _builder_version=&#8221;4.3.2&#8243; column_structure=&#8221;1_5,3_5,1_5&#8243; custom_padding=&#8221;14px|||||&#8221; custom_margin=&#8221;-2%||||false|false&#8221; hover_enabled=&#8221;0&#8243;][et_pb_column _builder_version=&#8221;4.3.2&#8243; type=&#8221;1_5&#8243; hover_enabled=&#8221;0&#8243;][/et_pb_column][et_pb_column _builder_version=&#8221;4.3.2&#8243; type=&#8221;3_5&#8243;][et_pb_text _builder_version=&#8221;4.3.2&#8243; hover_enabled=&#8221;0&#8243; header_2_font=&#8221;futura medium italic||||||||&#8221; header_2_text_color=&#8221;#78bd75&#8243; header_2_letter_spacing=&#8221;1px&#8221; header_2_font_size=&#8221;18px&#8221; text_font=&#8221;Poppins||||||||&#8221; background_color=&#8221;#f4f4f4&#8243; custom_padding=&#8221;2%|2%|2%|2%|true|true&#8221; header_2_line_height=&#8221;1.6em&#8221; custom_margin=&#8221;-6px|||||&#8221;]</p>
<h2 class="p1"><strong>Les barbecues au charbon sont-ils autorisés ?</strong></h2>
<p class="p1">Un espace avec des barbecues communs est à disposition. Sur les emplacements et les locations ne sont autorisés que les barbecues électriques ou à gaz.</p>
<h2 class="p1"><strong>Les chiens sont-ils acceptés ?</strong></h2>
<p class="p1">Un maximum de 1 par emplacement ou location et avec un tarif journalier de 2€/jour en basse saison et 4 €/jour en haute saison. Les chiens de catégorie 1 et 2 ne sont pas acceptés.</p>
<h2 class="p1"><span class="Apple-tab-span"></span><strong>Acceptez-vous les chèques vacances ANCV ?</strong></h2>
<p class="p1">Oui, pour les règlements à l’avance à envoyer en recommandé avec AR (Accusé de Réception).</p>
<h2 class="p1"><strong>Les disponibilités sont-elles à jour ?</strong></h2>
<p class="p1">La réservation en ligne est en lien permanent avec notre logiciel de gestion de réservation camping et a donc les disponibilités en temps réel.</p>
<h2 class="p1"><strong>Si je réserve en ligne, je dois payer par carte bancaire ?</strong></h2>
<p class="p1">En réservant en ligne le système vous permet de choisir le mode de paiement que vous préférez : CB, chèque, chèques vacances ANCV ou virement.</p>
<h2 class="p1"><strong>Quelles sont les dates d’ouverture ?</strong></h2>
<p class="p1">En emplacements camping : du 04/04 au 30/09</p>
<p class="p2">En locations : du 04/04 au 02/11</p>
<h2 class="p1"><strong>Y-a-t-il les draps et les serviettes dans les locations ?</strong></h2>
<p class="p1">Dans les locations les oreillers et couverture sont à disposition. Les draps en tissus sont en location pour 8€/lit mais il n’est pas possible de louer des serviettes de toilettes.</p>
<h2 class="p1"><strong>La salle de jeux est-elle ouverte pendant toute la période d’ouverture ?</strong></h2>
<p class="p1">Oui la salle de jeux est ouverte pendant toute la période d’ouverture.</p>
<h2 class="p1"><strong>Les activités sont-elles proposées à chaque période de vacances ?</strong></h2>
<p class="p1">Les activités ont lieu en haute saison du 05/07 au 22/08.</p>
<h2 class="p1"><strong>Le short de bain est-il autorisé à la piscine ?</strong></h2>
<p class="p1">Le short de bain est toléré à la piscine.</p>
<p>[/et_pb_text][/et_pb_column][et_pb_column _builder_version=&#8221;4.3.2&#8243; type=&#8221;1_5&#8243;][/et_pb_column][/et_pb_row][/et_pb_section]</p>

<p>Vragen Les barbecues au charbon sont-ils autorisés ? Un espace avec des barbecues communs est à disposition. Sur les emplacements et les locations ne sont autorisés que les barbecues électriques ou à gaz. Les chiens sont-ils acceptés ? Un maximum de 1 par emplacement ou location et avec un tarif journalier de 2€/jour en basse [&hellip;]</p>

<!-- This site is optimized with the Yoast SEO plugin v27.5 - https://yoast.com/product/yoast-seo-wordpress/ -->
<title>Camping 4 étoiles Les Monts d&#039;Albi - Tarn - FAQ Foire aux questions</title>
<meta name="description" content="Une question sur la piscine, les hébergements, les horaires ou encore les activités ? Jetez un œil à la FAQ du Camping**** Les Monts d&#039;Albi." />
<meta name="robots" content="index, follow, max-snippet:-1, max-image-preview:large, max-video-preview:-1" />
<link rel="canonical" href="https://camping-les-monts-d-albi.com/nl/vragen/" />
<meta property="og:locale" content="nl_NL" />
<meta property="og:type" content="article" />
<meta property="og:title" content="Camping 4 étoiles Les Monts d&#039;Albi - Tarn - FAQ Foire aux questions" />
<meta property="og:description" content="Une question sur la piscine, les hébergements, les horaires ou encore les activités ? Jetez un œil à la FAQ du Camping**** Les Monts d&#039;Albi." />
<meta property="og:url" content="https://camping-les-monts-d-albi.com/nl/vragen/" />
<meta property="og:site_name" content="Camping les Monts d&#039;Albi" />
<meta property="article:modified_time" content="2020-07-20T12:32:47+00:00" />
<meta name="twitter:card" content="summary_large_image" />
<meta name="twitter:label1" content="Geschatte leestijd" />
	<meta name="twitter:data1" content="3 minuten" />
<script type="application/ld+json" class="yoast-schema-graph">{"@context":"https:\/\/schema.org","@graph":[{"@type":"WebPage","@id":"https:\/\/camping-les-monts-d-albi.com\/nl\/vragen\/","url":"https:\/\/camping-les-monts-d-albi.com\/nl\/vragen\/","name":"Camping 4 étoiles Les Monts d'Albi - Tarn - FAQ Foire aux questions","isPartOf":{"@id":"https:\/\/camping-les-monts-d-albi.com\/#website"},"datePublished":"2020-07-20T12:32:45+00:00","dateModified":"2020-07-20T12:32:47+00:00","description":"Une question sur la piscine, les hébergements, les horaires ou encore les activités ? Jetez un œil à la FAQ du Camping**** Les Monts d'Albi.","breadcrumb":{"@id":"https:\/\/camping-les-monts-d-albi.com\/nl\/vragen\/#breadcrumb"},"inLanguage":"nl-NL","potentialAction":[{"@type":"ReadAction","target":["https:\/\/camping-les-monts-d-albi.com\/nl\/vragen\/"]}]},{"@type":"BreadcrumbList","@id":"https:\/\/camping-les-monts-d-albi.com\/nl\/vragen\/#breadcrumb","itemListElement":[{"@type":"ListItem","position":1,"name":"Accueil","item":"https:\/\/camping-les-monts-d-albi.com\/"},{"@type":"ListItem","position":2,"name":"Vragen"}]},{"@type":"WebSite","@id":"https:\/\/camping-les-monts-d-albi.com\/#website","url":"https:\/\/camping-les-monts-d-albi.com\/","name":"Camping les Monts d&#039;Albi","description":"La pause nature en famille","potentialAction":[{"@type":"SearchAction","target":{"@type":"EntryPoint","urlTemplate":"https:\/\/camping-les-monts-d-albi.com\/?s={search_term_string}"},"query-input":{"@type":"PropertyValueSpecification","valueRequired":true,"valueName":"search_term_string"}}],"inLanguage":"nl-NL"}]}</script>
<!-- / Yoast SEO plugin. -->

Camping 4 étoiles Les Monts d'Albi - Tarn - FAQ Foire aux questions

Une question sur la piscine, les hébergements, les horaires ou encore les activités ? Jetez un œil à la FAQ du Camping**** Les Monts d'Albi.
